= 4*s - 2362. What are the prime factors of s?
19, 31
Let t be ((-2)/6)/((-1)/15). Let u = -31 + 34. Suppose -52 = -p + 5*y, t*p - u*y - 123 = p. List the prime factors of p.
3
Let q be 3/6*(3 + -1). What are the prime factors of 9*q - (-6 + 7)?
2
Suppose 4*m + 2*s - 54 = 0, 54 = 3*m + 3*s - 6*s. Suppose 0 = 2*c + 3*c + m. List the prime factors of 44 - (-2)/c*6.
2, 5
Let w = 113 - 20. Let z = -22 + w. List the prime factors of z.
71
Let m(z) = -2*z**3 + z**2 + 7*z - 1. Let k be m(-3). Let w = -24 + k. Let r = 27 + w. List the prime factors of r.
2, 11
Suppose -3*o - 3*u = 156, -5*o - u - 32 = 236. Let b = 80 + o. Suppose 3*x - 28 = b. What are the prime factors of x?
2, 3
Suppose 2*q + 5*z = -0*z + 346, -173 = -q + 4*z. Suppose -n + 55 = -q. What are the prime factors of n?
2, 3, 19
Let p be 2/11 + (-17030)/(-110). Suppose -3*n + 479 - p = 0. List the prime factors of n.
2, 3
Suppose -2*i = -3*t - 28, -5*i - 4*t + 70 = -5*t. Suppose 3*r + 2*x = 792, 2*x + i = r - 242. What are the prime factors of r?
2, 131
Suppose -s + 5 = -2*m - 2, 0 = m + 3*s. Let y(t) = -t**3 - 3*t**2 - t + 3. What are the prime factors of y(m)?
2, 3
Let i be (-48)/12 - (9 + 1). List the prime factors of i/(-5 - -4) - (-3 - -1).
2
Suppose -3*m = -0*m - 6. Let z be m*1*21/7. Suppose -9*w + z*w = -105. What are the prime factors of w?
5, 7
Suppose 5*d + 5*m + 0*m = 0, -3*d - 5*m = 6. Suppose -43 = -3*u + 2*l, -3*u + 6*u - 45 = d*l. What are the prime factors of u?
13
Let r(z) = 5*z - 63. Let o be r(8). Let b be 41 + 2 + -2 + 2. Let f = b + o. List the prime factors of f.
2, 5
Let n(f) = f**2 - 11*f - 3. Let v be n(22). Suppose -3*l + v = -115. What are the prime factors of l?
2, 59
Suppose -3*b - 2*b - 745 = -2*t, -3*t + 3*b + 1095 = 0. Suppose 26*v = 18*v + t. List the prime factors of v.
3, 5
Let u(j) = 24*j - 90. List the prime factors of u(6).
2, 3
Suppose 2*s + 10 = 0, 5*s = 5*c - 0*c - 45. Suppose -u + 5*f + 28 = -0*f, -c*u = 3*f - 227. What are the prime factors of u?
53
Let g be (-6)/9 - (-248)/3. Suppose -5*y + 3*y = -4*k + g, -4*k = -8. Let z = -27 - y. List the prime factors of z.
2, 5
Let r = 19 + -11. Suppose -r = 4*g + 2*l - 4*l, -3*l = -12. Suppose 9*a - 5*a - 188 = g. What are the prime factors of a?
47
Let z = 97 - 21. Suppose 0 = -3*i - g + z, -98 = -4*i + 2*g - 5*g. List the prime factors of i.
2, 13
Suppose -7 = -2*n - 5. Let k be 0/(-10)*n/2. What are the prime factors of k + 25 + -3 + -1?
3, 7
Let h = -1236 - -1343. What are the prime factors of h?
107
Let v = -5 + 109. Let c = v + -61. Let m = c + 1. List the prime factors of m.
2, 11
List the prime factors of 1/((-9)/(-25246)) + 23/(-207).
3, 5, 11, 17
Let m be 4*(4 - 3) - 4. Suppose m*r - r = -93. List the prime factors of r.
3, 31
Let j = 2453 + -763. List the prime factors of j.
2, 5, 13
Suppose 0 = -4*t + 14 - 2. Suppose 4*l = s + 2*s + t, -5*s = 2*l + 5. Suppose -v + 3*v - 46 = l. What are the prime factors of v?
23
What are the prime factors of ((-2)/(-6))/((-19)/(-27588)) - 0?
2, 11
Suppose 2*u - 78 = -3*l, 3*l - 45 = -0*u - u. Suppose 5*v - u = 207. What are the prime factors of v?
2, 3
Let o = 156 + -67. Let m = o - -10. What are the prime factors of m?
3, 11
Let h(t) = -11*t - 1. Let b be h(-3). Let g = -12 + b. Suppose 2*i - 8 = -2*j + 2, 4*i = -j + g. List the prime factors of i.
5
Suppose -m = g - 4*m - 11, m + 1 = 0. What are the prime factors of ((-19)/3 + 1)*(-18)/g?
2, 3
Let m be -5*(-4 + 2 + 11). Let t = -11 - m. List the prime factors of t.
2, 17
Let v be (-2)/8 + 76/(-16) - -2. List the prime factors of (1/v)/(6 - 6878/1146).
191
Let m be 76/57*2*(-3)/(-4). Suppose -o + m*o = 2*b + 155, -5*o = 3*b - 814. List the prime factors of o.
7, 23
Suppose -2*z + 36 + 30 = 0. Suppose 2*b = z + 9. What are the prime factors of b?
3, 7
Let a = -6 - -9. Suppose 3*k = 4*p + 212, -a*k - 4*p = -41 - 179. What are the prime factors of k?
2, 3
Let i be (-9)/(9/(-12) - -1). List the prime factors of (8/(-18))/(-2) + (-7768)/i.
2, 3
Let s(v) = -v**3 - 9*v**2 + 2. Let k be s(-9). Let q be 3/(k/(6/3)). Suppose -33 = -3*z - q*y, -3*z - 2*y + 55 = 2*z. List the prime factors of z.
11
Let z(f) = -2*f - 2. Let k be z(-2). Let j be (-1)/((-1)/k) - -10. List the prime factors of 24/j - (1 + -9).
2, 5
Suppose -3186 = -23*s + 14*s. List the prime factors of s.
2, 3, 59
Suppose p - 2148 = 2*y, -2*p - 7*y + 6*y + 4311 = 0. List the prime factors of p.
2, 3, 359
Suppose -3*u - 4*m + 28 = u, -2*u = -3*m + 11. Suppose -237 = -3*i - 4*d, 3*i - d = u*i + 79. List the prime factors of i.
79
Suppose 2*z - 56 = -2*z - 2*s, 8 = z - s. What are the prime factors of 135 + (-1 - 0 - (z + -13))?
3, 5
Let h be 1/(-1) - (-3)/(-6)*-2. Suppose h = -2*b - 41 + 263. List the prime factors of b.
3, 37
Suppose -30 = 5*h + 25. Let u = h + 11. What are the prime factors of 7 - ((u - 4) + 2)?
3
List the prime factors of (2/(-12))/(3*11/(-121374)).
613
Let c(z) = 19*z**2 - 80*z - 32. What are the prime factors of c(15)?
17, 179
Let j(m) = m**2 - 7*m + 3. Let g be j(5). Let n(i) be the third derivative of -i**4/12 + i**3 - 10*i**2. List the prime factors of n(g).
2, 5
Suppose -2*u = -2*w + 30, 2*u + w + 5 = -2*w. What are the prime factors of (-5448)/(-40) + 2/u?
2, 17
Let y = -371 - -462. List the prime factors of y.
7, 13
Let v be (-1 - -5) + (-8 - -2). List the prime factors of (v - 78)*4/(-4).
2, 5
Let u be (-1)/(1/(-2)) - 30. Let c = 30 + u. Suppose c*q - 252 = -2*q. What are the prime factors of q?
3, 7
Let w = -1025 + 1766. What are the prime factors of w?
3, 13, 19
Let k(r) = r**3 - 6*r**2 + 5*r + 3. Let g be k(5). Let o be 2/6*(-9 + g). List the prime factors of 2/o + 96/6.
3, 5
Let d be (-8)/(4 - 0 - 3). What are the prime factors of d/(-36) - 1479/(-27)?
5, 11
Suppose 4*y + 184 = 3*x, -2*y - y + 5*x - 138 = 0. Let j = y + 155. List the prime factors of j.
109
Let l(r) = r + 11. Suppose 4*u + 4*c = -68, 2*u + 53 - 19 = 3*c. Let g = u + 11. What are the prime factors of l(g)?
5
Let x(b) = 6*b**2 + 8*b + 2. Let f(l) = l**3 + 4*l**2 + 5*l + 2. Let n be f(-3). What are the prime factors of x(n)?
2, 3, 11
Suppose -9474 = -16*b + 10*b. What are the prime factors of b?
1579
Let m be 0*(5 - 36/(-42)*-7). Let v(g) = 2*g**3 - 7*g**2 + 4*g. Let f be v(4). Suppose d + m = f. What are the prime factors of d?
2
Let a be 4/(16/20) + 3. Suppose 4*h - a*h = -92. What are the prime factors of h?
23
Suppose 3*p + 11 = 47. List the prime factors of (8/p)/((-4)/(-138)).
23
Let a(r) = 11*r**2 + 33*r + 10. List the prime factors of a(-16).
2, 3, 383
Let n(j) = 6*j**2 - 34*j + 61. List the prime factors of n(19).
3, 17, 31
Suppose 20402 + 14958 = 8*z. List the prime factors of z.
2, 5, 13, 17
Let w be 3 - (6/(-8) - (-9)/12). Let m = -1 - -1. Suppose m = w*l - y - 104, -y + 14 = 4*l - 120. List the prime factors of l.
2, 17
Suppose 5*q + 2 = 6*q. Suppose q*i - 1 = -13. List the prime factors of 39/i*6/(-3).
13
Let q(p) = 2*p**2 - 8*p - 5. Let m be q(5). Suppose -3 = 3*w, -5*w + 95 = -0*s + m*s. List the prime factors of s.
2, 5
Let i(v) = 4*v**3 - 6*v**2 + 4*v - 12. What are the prime factors of i(4)?
2, 41
Suppose -4*b = -4*s + 340, 0 = 5*s + 4*b + b - 465. Let r = s + -37. List the prime factors of r.
2, 13
Let h(n) = 3*n**2 + 2 + 1 + 15*n - 2 - 8*n**2. Let b(i) = -2*i**2 + 5*i. Let m(g) = -8*b(g) + 3*h(g). List the prime factors of m(-8).
3
Suppose 5*y = 232 + 883. Let t = y + -129. What are the prime factors of t?
2, 47
Let j = -385 + 114. Let h = -37 - j. What are the prime factors of h?
2, 3, 13
What are the prime factors of -3 + (783 - 1) + 6/(-2)?
2, 97
Suppose 2*o - 4 = 2. Let g(p) = 1 - p**2 + p**3 - p + 2*p - 4*p. List the prime factors of g(o).
2, 5
Suppose 0 = 31*g - 7*g - 25584. List the prime factors of g.
2, 13, 41
Suppose -2*w + 18 = 4*n, 5*n - 16 + 1 = 5*w. Suppose 4*y + n*v = 118 + 66, 5*y - 202 = 2*v. What are the prime factors of y?
2, 3, 7
Let k(m) = 63*m**2 + 4*m - 3. Let p be k(1). Suppose 4*j + 77 = 5*b, 4*b = -0*j + 4*j + p. List the prime factors of b.
13
Let i(a) = 2*a**3 + 28*a**2 + 56*a - 6. List the prime factors of i(-9).
2, 3, 5
Let g = 2 + 0. Suppose 5*q + g*a - 24 = -0*a, -4*q + a + 27 = 0. What are the prime factors of (-68)/(-18) + q/27?
2
Let y(w) = -10 + 2*w + 7*w + 0*w - 8. Let a be y(9). Let p = 138 - a. Li